{"id":18382,"date":"2025-03-07T12:06:43","date_gmt":"2025-03-07T17:06:43","guid":{"rendered":"https:\/\/letstalkaboutwater.org\/?page_id=18382"},"modified":"2025-07-08T18:39:12","modified_gmt":"2025-07-08T22:39:12","slug":"film-prize-25","status":"publish","type":"page","link":"https:\/\/letstalkaboutwater.org\/staging\/film-prize-25\/","title":{"rendered":"2025 Water Film Prize"},"content":{"rendered":"\t\t<div data-elementor-type=\"wp-page\" data-elementor-id=\"18382\" class=\"elementor elementor-18382\">\n\t\t\t\t<div class=\"elementor-element elementor-element-281a83ab e-con-full e-flex e-con e-parent\" data-id=\"281a83ab\" data-element_type=\"container\">\n\t\t\t\t<div class=\"elementor-element elementor-element-3d40d19b elementor-widget elementor-widget-image\" data-id=\"3d40d19b\" data-element_type=\"widget\" data-widget_type=\"image.default\">\n\t\t\t\t<div class=\"elementor-widget-container\">\n\t\t\t\t\t\t\t\t\t\t\t\t\t\t\t<img fetchpriority=\"high\" decoding=\"async\" width=\"2560\" height=\"1076\" src=\"https:\/\/letstalkaboutwater.org\/staging\/wp-content\/uploads\/2025\/07\/Captura-de-Tela-2025-07-08-as-19.34.54-scaled.png\" class=\"attachment-full size-full wp-image-21373\" alt=\"\" srcset=\"https:\/\/letstalkaboutwater.org\/staging\/wp-content\/uploads\/2025\/07\/Captura-de-Tela-2025-07-08-as-19.34.54-scaled.png 2560w, https:\/\/letstalkaboutwater.org\/staging\/wp-content\/uploads\/2025\/07\/Captura-de-Tela-2025-07-08-as-19.34.54-300x126.png 300w, https:\/\/letstalkaboutwater.org\/staging\/wp-content\/uploads\/2025\/07\/Captura-de-Tela-2025-07-08-as-19.34.54-1024x430.png 1024w, https:\/\/letstalkaboutwater.org\/staging\/wp-content\/uploads\/2025\/07\/Captura-de-Tela-2025-07-08-as-19.34.54-768x323.png 768w, https:\/\/letstalkaboutwater.org\/staging\/wp-content\/uploads\/2025\/07\/Captura-de-Tela-2025-07-08-as-19.34.54-1536x645.png 1536w, https:\/\/letstalkaboutwater.org\/staging\/wp-content\/uploads\/2025\/07\/Captura-de-Tela-2025-07-08-as-19.34.54-2048x860.png 2048w\" sizes=\"(max-width: 2560px) 100vw, 2560px\" \/>\t\t\t\t\t\t\t\t\t\t\t\t\t\t\t<\/div>\n\t\t\t\t<\/div>\n\t\t\t\t<\/div>\n\t\t<div class=\"elementor-element elementor-element-fda0c13 minha-coluna-sticky e-flex e-con-boxed e-con e-parent\" data-id=\"fda0c13\" data-element_type=\"container\" data-settings=\"{&quot;position&quot;:&quot;fixed&quot;}\">\n\t\t\t\t\t<div class=\"e-con-inner\">\n\t\t\t\t<div class=\"elementor-element elementor-element-6071f0a elementor-align-right elementor-widget__width-initial menusummary elementor-icon-list--layout-traditional elementor-list-item-link-full_width elementor-widget elementor-widget-icon-list\" data-id=\"6071f0a\" data-element_type=\"widget\" data-widget_type=\"icon-list.default\">\n\t\t\t\t<div class=\"elementor-widget-container\">\n\t\t\t\t\t\t\t<ul class=\"elementor-icon-list-items\">\n\t\t\t\t\t\t\t<li class=\"elementor-icon-list-item\">\n\t\t\t\t\t\t\t\t\t\t\t<a href=\"#show\">\n\n\t\t\t\t\t\t\t\t\t\t\t<span class=\"elementor-icon-list-text\">Summary menu<\/span>\n\t\t\t\t\t\t\t\t\t\t\t<\/a>\n\t\t\t\t\t\t\t\t\t<\/li>\n\t\t\t\t\t\t\t\t<li class=\"elementor-icon-list-item\">\n\t\t\t\t\t\t\t\t\t\t\t<a href=\"#presentation\">\n\n\t\t\t\t\t\t\t\t\t\t\t<span class=\"elementor-icon-list-text\">Presentation<\/span>\n\t\t\t\t\t\t\t\t\t\t\t<\/a>\n\t\t\t\t\t\t\t\t\t<\/li>\n\t\t\t\t\t\t\t\t<li class=\"elementor-icon-list-item\">\n\t\t\t\t\t\t\t\t\t\t\t<a href=\"#awards\">\n\n\t\t\t\t\t\t\t\t\t\t\t<span class=\"elementor-icon-list-text\">Awards & Prizes<\/span>\n\t\t\t\t\t\t\t\t\t\t\t<\/a>\n\t\t\t\t\t\t\t\t\t<\/li>\n\t\t\t\t\t\t\t\t<li class=\"elementor-icon-list-item\">\n\t\t\t\t\t\t\t\t\t\t\t<a href=\"#participate\">\n\n\t\t\t\t\t\t\t\t\t\t\t<span class=\"elementor-icon-list-text\">How to Participate<\/span>\n\t\t\t\t\t\t\t\t\t\t\t<\/a>\n\t\t\t\t\t\t\t\t\t<\/li>\n\t\t\t\t\t\t<\/ul>\n\t\t\t\t\t\t<\/div>\n\t\t\t\t<\/div>\n\t\t\t\t<div class=\"elementor-element elementor-element-0136cca elementor-widget__width-initial elementor-widget elementor-widget-html\" data-id=\"0136cca\" data-element_type=\"widget\" data-widget_type=\"html.default\">\n\t\t\t\t<div class=\"elementor-widget-container\">\n\t\t\t\t\t<style>\r\n\r\n.minha-coluna-sticky {\r\n  position: sticky !Important;\r\n  top: 160px !Important; \/* ajuste conforme necess\u00e1rio *\/\r\n  align-self: flex-start !Important;\r\n  z-index: 1\r\n}\r\n\r\nbody {\r\n  overflow: visible !important;\r\n}\r\n\r\n.elementor-menu-anchor{\r\n scroll-margin-top: 120px !important;\r\n}\r\n\r\n.minha-coluna-sticky * .elementor-icon-list-item:first-child {\r\n    display: none;\r\n   \r\n}\r\n\r\n@media (min-width:768px) {\r\n    \r\n}\r\n@media (max-width:1024px) {\r\n    \r\n.elementor-menu-anchor{\r\n scroll-margin-top: 200px !important;\r\n}\r\n\r\n.menusummary * .elementor-icon-list-item{\r\n  display: none;\r\n}\r\n\r\n.menusummary * .elementor-icon-list-item:first-child{\r\n  display: block;\r\n}\r\n\r\n.minha-coluna-sticky {\r\n  position: sticky !Important;\r\n  top: 120px !Important;\r\n  align-self: flex-start !Important;\r\n  z-index: 1;\r\n}\r\n\r\n \r\n}\r\n\r\n\r\n\r\n<\/style>\r\n\r\n<script>\r\n  function setupResponsiveMenu() {\r\n  const firstItem = document.querySelector(\".elementor-icon-list-items li:first-child\");\r\n  const items = document.querySelectorAll(\".elementor-icon-list-items li:not(:first-child)\");\r\n\r\n  if (!firstItem || items.length === 0) return;\r\n\r\n  \/\/ Evitar m\u00faltiplas adi\u00e7\u00f5es de evento\r\n  const newFirstItem = firstItem.cloneNode(true);\r\n  firstItem.parentNode.replaceChild(newFirstItem, firstItem);\r\n\r\n  \/\/ Esconder todos os itens inicialmente\r\n  items.forEach(item => {\r\n    item.style.display = \"none\";\r\n  });\r\n\r\n  \/\/ Toggle menu on click\r\n  newFirstItem.addEventListener(\"click\", function (e) {\r\n    e.preventDefault();\r\n    items.forEach(item => {\r\n      item.style.display = item.style.display === \"list-item\" ? \"none\" : \"list-item\";\r\n    });\r\n  });\r\n\r\n  \/\/ Fechar menu ao clicar em qualquer item (exceto o primeiro)\r\n  items.forEach(item => {\r\n    item.addEventListener(\"click\", function () {\r\n      items.forEach(i => {\r\n        i.style.display = \"none\";\r\n      });\r\n    });\r\n  });\r\n}\r\n\r\nfunction resetMenuStyles() {\r\n  const items = document.querySelectorAll(\".elementor-icon-list-items li\");\r\n  items.forEach(item => {\r\n    item.style.display = \"\"; \/\/ Remove estilos inline (volta ao CSS original)\r\n  });\r\n}\r\n\r\nfunction handleResponsiveMenu() {\r\n  if (window.innerWidth <= 1024) {\r\n    setupResponsiveMenu();\r\n  } else {\r\n    resetMenuStyles(); \/\/ Quando volta para desktop, reseta\r\n  }\r\n}\r\n\r\ndocument.addEventListener(\"DOMContentLoaded\", handleResponsiveMenu);\r\nwindow.addEventListener(\"resize\", handleResponsiveMenu);\r\n\r\n  \r\n  \r\n  \r\n  document.addEventListener(\"DOMContentLoaded\", function () {\r\n  const sections = document.querySelectorAll(\"section[id]\");\r\n  const menuItems = document.querySelectorAll(\".menu-item\");\r\n\r\n  function activateMenuItem() {\r\n    let scrollY = window.pageYOffset;\r\n\r\n    sections.forEach((section) => {\r\n      const sectionTop = section.offsetTop - 100; \/\/ ajuste conforme cabe\u00e7alho\r\n      const sectionHeight = section.offsetHeight;\r\n      const sectionId = section.getAttribute(\"id\");\r\n\r\n      if (scrollY >= sectionTop && scrollY < sectionTop + sectionHeight) {\r\n        menuItems.forEach((item) => {\r\n          item.classList.remove(\"active\");\r\n          if (item.getAttribute(\"href\") === `#${sectionId}`) {\r\n            item.classList.add(\"active\");\r\n          }\r\n        });\r\n      }\r\n    });\r\n  }\r\n\r\n  window.addEventListener(\"scroll\", activateMenuItem);\r\n});\r\n\r\n<\/script>\r\n\r\n\r\n\r\n\r\n\t\t\t\t<\/div>\n\t\t\t\t<\/div>\n\t\t\t\t\t<\/div>\n\t\t\t\t<\/div>\n\t\t<div class=\"elementor-element elementor-element-eec4719 e-flex e-con-boxed e-con e-parent\" data-id=\"eec4719\" data-element_type=\"container\">\n\t\t\t\t\t<div class=\"e-con-inner\">\n\t\t<div class=\"elementor-element elementor-element-2e8203b e-con-full minha-coluna-sticky align-bottom-mobile elementor-hidden-tablet elementor-hidden-mobile e-flex e-con e-child\" data-id=\"2e8203b\" data-element_type=\"container\" data-settings=\"{&quot;background_background&quot;:&quot;classic&quot;,&quot;position&quot;:&quot;fixed&quot;}\">\n\t\t\t\t<\/div>\n\t\t<div class=\"elementor-element elementor-element-903118d e-con-full e-flex e-con e-child\" data-id=\"903118d\" data-element_type=\"container\">\n\t\t<div class=\"elementor-element elementor-element-8426644 e-con-full e-flex e-con e-child\" data-id=\"8426644\" data-element_type=\"container\">\n\t\t\t\t<div class=\"elementor-element elementor-element-4b1bc56 elementor-widget elementor-widget-menu-anchor\" data-id=\"4b1bc56\" data-element_type=\"widget\" data-widget_type=\"menu-anchor.default\">\n\t\t\t\t<div class=\"elementor-widget-container\">\n\t\t\t\t\t\t\t<div class=\"elementor-menu-anchor\" id=\"presentation\"><\/div>\n\t\t\t\t\t\t<\/div>\n\t\t\t\t<\/div>\n\t\t\t\t<div class=\"elementor-element elementor-element-b135c04 elementor-widget elementor-widget-text-editor\" data-id=\"b135c04\" data-element_type=\"widget\" data-widget_type=\"text-editor.default\">\n\t\t\t\t<div class=\"elementor-widget-container\">\n\t\t\t\t\t\t\t\t\t<h2><strong>Water Film Prize 2025: Back to Our Future <\/strong><\/h2><h3><em>Arid Lands and AHTs Short Film Competition<\/em><\/h3>\t\t\t\t\t\t\t\t<\/div>\n\t\t\t\t<\/div>\n\t\t\t\t<div class=\"elementor-element elementor-element-75ac91e4 elementor-widget elementor-widget-text-editor\" data-id=\"75ac91e4\" data-element_type=\"widget\" data-widget_type=\"text-editor.default\">\n\t\t\t\t<div class=\"elementor-widget-container\">\n\t\t\t\t\t\t\t\t\t<p class=\"p1\"><strong><span style=\"color: #333300;\">Ancient Hydro-Technologies (AHTs)<\/span><\/strong> are time-tested water management solutions that did not just sustain civilizations for millennia, they created harmony between communities and their environments, preserved biodiversity, and fostered social bonds, particularly in the world&#8217;s most arid regions.<\/p><p class=\"p1\">The 2025 edition of the <b>Water Film Prize<\/b>, themed <b>\u201cBack to Our Future\u201d,<\/b> celebrates these ingenious water management technologies our ancestors developed over millennia.<\/p><p class=\"p1\"><b>Ancient Hydro-Technologies have played distinct roles throughout history:<\/b><\/p><ul><li><b>Water Transportation<\/b>: Qanats (Iran and North Africa), Karez System (China), Roman Aqueducts<\/li><li class=\"p1\"><b>Water Collection<\/b>: Stepwells (India), Phoenician Cisterns (Malta)<\/li><li class=\"p1\"><b>Water Harvesting<\/b>: Terraced irrigation systems (Peru), the Acequia Systems (New Mexico)<\/li><li class=\"p1\"><b>Water Retention<\/b>: Johad (India), Sand Dams (East Africa)<\/li><li class=\"p1\"><b>Water Extraction<\/b>: Sahduf (Sudan\/Egypt) Persian Wheel (Pakistan India)<br \/><br \/><\/li><\/ul><p class=\"p1\">Submissions should provide a portrait of local geographies and address themes such as water conservation, climate resilience, biodiversity preservation, and\/or social cohesion. Ideally, submitted films will also highlight their potential to inspire modern solutions.<\/p><h2><strong><br \/>Why You Should Participate<\/strong><\/h2><p class=\"p1\">By making short films you can inspire, inform, and promote action around water issues and solutions. The <b>Water Film Prize<\/b> challenges you to explore these ancient water management methods not as historical artifacts, but as blueprints for tomorrow&#8217;s innovations. Arid regions face mounting pressures from climate change, migration, and the abandonment of traditionally managed landscapes.<\/p>\t\t\t\t\t\t\t\t<\/div>\n\t\t\t\t<\/div>\n\t\t\t\t<div class=\"elementor-element elementor-element-40e58dc5 elementor-widget elementor-widget-text-editor\" data-id=\"40e58dc5\" data-element_type=\"widget\" data-widget_type=\"text-editor.default\">\n\t\t\t\t<div class=\"elementor-widget-container\">\n\t\t\t\t\t\t\t\t\t<p class=\"p1\">Your film will be seen by film and water experts and stands a chance to win cash prizes! Whether you are a student, filmmaker, artist, activist, hydrologist, ecologist, geographer, or social scientist, grab your camera and share your water story.<\/p>\t\t\t\t\t\t\t\t<\/div>\n\t\t\t\t<\/div>\n\t\t\t\t<div class=\"elementor-element elementor-element-7da6d25 elementor-widget elementor-widget-menu-anchor\" data-id=\"7da6d25\" data-element_type=\"widget\" data-widget_type=\"menu-anchor.default\">\n\t\t\t\t<div class=\"elementor-widget-container\">\n\t\t\t\t\t\t\t<div class=\"elementor-menu-anchor\" id=\"awards\"><\/div>\n\t\t\t\t\t\t<\/div>\n\t\t\t\t<\/div>\n\t\t\t\t<div class=\"elementor-element elementor-element-c29239b elementor-widget elementor-widget-heading\" data-id=\"c29239b\" data-element_type=\"widget\" data-widget_type=\"heading.default\">\n\t\t\t\t<div class=\"elementor-widget-container\">\n\t\t\t\t\t<h2 class=\"elementor-heading-title elementor-size-default\">Awards &amp; Prizes<\/h2>\t\t\t\t<\/div>\n\t\t\t\t<\/div>\n\t\t<div class=\"elementor-element elementor-element-fe29475 e-con-full e-flex e-con e-child\" data-id=\"fe29475\" data-element_type=\"container\">\n\t\t\t\t<div class=\"elementor-element elementor-element-7efe12f elementor-widget elementor-widget-text-editor\" data-id=\"7efe12f\" data-element_type=\"widget\" data-widget_type=\"text-editor.default\">\n\t\t\t\t<div class=\"elementor-widget-container\">\n\t\t\t\t\t\t\t\t\t<p style=\"text-align: center;\">1st Prize USD$ 3,000<br \/>2nd Prize USD$ 2,000<br \/>3rd Prize USD$ 1,000<br \/>Youth Prize (Under 18) USD$ 1,000<br \/>Student Prize (Over 18) USD$ 1,000<br \/>GCC Prize USD$ 1,000 (Best film from Gulf Cooperation Council countries)<br \/>Back to our Future Prize USD$1,000 (Best film about AHTs inspiring modern solutions)<\/p>\t\t\t\t\t\t\t\t<\/div>\n\t\t\t\t<\/div>\n\t\t\t\t<\/div>\n\t\t\t\t<div class=\"elementor-element elementor-element-99536aa elementor-widget elementor-widget-text-editor\" data-id=\"99536aa\" data-element_type=\"widget\" data-widget_type=\"text-editor.default\">\n\t\t\t\t<div class=\"elementor-widget-container\">\n\t\t\t\t\t\t\t\t\t<p><span class=\"s1\">Winning films will be announced and premiered on\u00a0<b>November 5th, 2025<\/b>, at the annual\u00a0<b>Global Network of Water Museums (WAMU-NET<\/b>) meeting in Brasilia, Brazil.<\/span><\/p>\t\t\t\t\t\t\t\t<\/div>\n\t\t\t\t<\/div>\n\t\t\t\t<\/div>\n\t\t\t\t<\/div>\n\t\t\t\t\t<\/div>\n\t\t\t\t<\/div>\n\t\t<div class=\"elementor-element elementor-element-7566786 e-con-full e-flex e-con e-parent\" data-id=\"7566786\" data-element_type=\"container\" data-settings=\"{&quot;background_background&quot;:&quot;classic&quot;}\">\n\t\t\t\t<div class=\"elementor-element elementor-element-0ed0f76 elementor-widget elementor-widget-menu-anchor\" data-id=\"0ed0f76\" data-element_type=\"widget\" data-widget_type=\"menu-anchor.default\">\n\t\t\t\t<div class=\"elementor-widget-container\">\n\t\t\t\t\t\t\t<div class=\"elementor-menu-anchor\" id=\"participate\"><\/div>\n\t\t\t\t\t\t<\/div>\n\t\t\t\t<\/div>\n\t\t<div class=\"elementor-element elementor-element-d04e66b e-flex e-con-boxed e-con e-child\" data-id=\"d04e66b\" data-element_type=\"container\">\n\t\t\t\t\t<div class=\"e-con-inner\">\n\t\t\t\t<div class=\"elementor-element elementor-element-28ace5f elementor-widget elementor-widget-text-editor\" data-id=\"28ace5f\" data-element_type=\"widget\" data-widget_type=\"text-editor.default\">\n\t\t\t\t<div class=\"elementor-widget-container\">\n\t\t\t\t\t\t\t\t\t<h2><span style=\"color: #ffffff;\"><strong>How to Participate?<\/strong><\/span><\/h2>\t\t\t\t\t\t\t\t<\/div>\n\t\t\t\t<\/div>\n\t\t\t\t\t<\/div>\n\t\t\t\t<\/div>\n\t\t<div class=\"elementor-element elementor-element-5b9218b e-grid e-con-boxed e-con e-child\" data-id=\"5b9218b\" data-element_type=\"container\">\n\t\t\t\t\t<div class=\"e-con-inner\">\n\t\t<div class=\"elementor-element elementor-element-6113c8f e-con-full e-flex e-con e-child\" data-id=\"6113c8f\" data-element_type=\"container\">\n\t\t\t\t<div class=\"elementor-element elementor-element-494614b elementor-widget elementor-widget-image\" data-id=\"494614b\" data-element_type=\"widget\" data-widget_type=\"image.default\">\n\t\t\t\t<div class=\"elementor-widget-container\">\n\t\t\t\t\t\t\t\t\t\t\t\t\t\t\t<img decoding=\"async\" src=\"https:\/\/letstalkaboutwater.org\/staging\/wp-content\/uploads\/elementor\/thumbs\/idea-r9fxmob3kpyo6ydhjsiiszhin3xrpsfzvc4ciboeio.png\" title=\"idea\" alt=\"idea\" loading=\"lazy\" \/>\t\t\t\t\t\t\t\t\t\t\t\t\t\t\t<\/div>\n\t\t\t\t<\/div>\n\t\t\t\t<div class=\"elementor-element elementor-element-596bb9d elementor-widget elementor-widget-text-editor\" data-id=\"596bb9d\" data-element_type=\"widget\" data-widget_type=\"text-editor.default\">\n\t\t\t\t<div class=\"elementor-widget-container\">\n\t\t\t\t\t\t\t\t\t<h4><span style=\"color: #00eaff;\"><strong>Develop an Idea<\/strong><\/span><\/h4><p><span style=\"color: #ffffff;\">Think of a story about water in your community or region; talk to a scientist, community leader, or water expert<\/span><\/p>\t\t\t\t\t\t\t\t<\/div>\n\t\t\t\t<\/div>\n\t\t\t\t<\/div>\n\t\t<div class=\"elementor-element elementor-element-82082f0 e-con-full e-flex e-con e-child\" data-id=\"82082f0\" data-element_type=\"container\">\n\t\t\t\t<div class=\"elementor-element elementor-element-f3ddc96 elementor-widget elementor-widget-image\" data-id=\"f3ddc96\" data-element_type=\"widget\" data-widget_type=\"image.default\">\n\t\t\t\t<div class=\"elementor-widget-container\">\n\t\t\t\t\t\t\t\t\t\t\t\t\t\t\t<img decoding=\"async\" src=\"https:\/\/letstalkaboutwater.org\/staging\/wp-content\/uploads\/elementor\/thumbs\/video-camera-r9fxmob3o89l4e86pazez2ldxaoat4p952vylmwzbk.png\" title=\"video-camera\" alt=\"video-camera\" loading=\"lazy\" \/>\t\t\t\t\t\t\t\t\t\t\t\t\t\t\t<\/div>\n\t\t\t\t<\/div>\n\t\t\t\t<div class=\"elementor-element elementor-element-304d508 elementor-widget elementor-widget-text-editor\" data-id=\"304d508\" data-element_type=\"widget\" data-widget_type=\"text-editor.default\">\n\t\t\t\t<div class=\"elementor-widget-container\">\n\t\t\t\t\t\t\t\t\t<h4><span style=\"color: #00eaff;\"><strong>Shoot your film<\/strong><\/span><\/h4><p><span style=\"color: #ffffff;\">Shoot a 3-5 minute (max with credits) with your camera or phone. Be creative!<\/span><\/p>\t\t\t\t\t\t\t\t<\/div>\n\t\t\t\t<\/div>\n\t\t\t\t<\/div>\n\t\t<div class=\"elementor-element elementor-element-545f498 e-con-full e-flex e-con e-child\" data-id=\"545f498\" data-element_type=\"container\">\n\t\t\t\t<div class=\"elementor-element elementor-element-e0093c2 elementor-widget elementor-widget-image\" data-id=\"e0093c2\" data-element_type=\"widget\" data-widget_type=\"image.default\">\n\t\t\t\t<div class=\"elementor-widget-container\">\n\t\t\t\t\t\t\t\t\t\t\t\t\t\t\t<img decoding=\"async\" src=\"https:\/\/letstalkaboutwater.org\/staging\/wp-content\/uploads\/elementor\/thumbs\/filmfreeway-logo-hires-white-r9fxmob66kjf96bpbgsk9sbsfs9nx5ai3ps1qe4tfk.png\" title=\"filmfreeway-logo-hires-white\" alt=\"filmfreeway-logo-hires-white\" loading=\"lazy\" \/>\t\t\t\t\t\t\t\t\t\t\t\t\t\t\t<\/div>\n\t\t\t\t<\/div>\n\t\t\t\t<div class=\"elementor-element elementor-element-9799fa4 elementor-widget elementor-widget-text-editor\" data-id=\"9799fa4\" data-element_type=\"widget\" data-widget_type=\"text-editor.default\">\n\t\t\t\t<div class=\"elementor-widget-container\">\n\t\t\t\t\t\t\t\t\t<h4><span style=\"color: #00eaff;\"><strong>Submit your Film<\/strong><\/span><\/h4><p><span style=\"color: #ffffff;\">Submit your film on FilmFreeway and participate in the 2025 Water Film Prize<\/span><\/p>\t\t\t\t\t\t\t\t<\/div>\n\t\t\t\t<\/div>\n\t\t\t\t<\/div>\n\t\t\t\t\t<\/div>\n\t\t\t\t<\/div>\n\t\t\t\t<\/div>\n\t\t<div class=\"elementor-element elementor-element-27b2e46 e-flex e-con-boxed e-con e-parent\" data-id=\"27b2e46\" data-element_type=\"container\">\n\t\t\t\t\t<div class=\"e-con-inner\">\n\t\t\t\t<div class=\"elementor-element elementor-element-dce7dc8 elementor-align-center elementor-invisible elementor-widget elementor-widget-button\" data-id=\"dce7dc8\" data-element_type=\"widget\" data-settings=\"{&quot;_animation&quot;:&quot;fadeIn&quot;}\" data-widget_type=\"button.default\">\n\t\t\t\t<div class=\"elementor-widget-container\">\n\t\t\t\t\t\t\t\t\t<div class=\"elementor-button-wrapper\">\n\t\t\t\t\t<a class=\"elementor-button elementor-button-link elementor-size-sm\" href=\"https:\/\/letstalkaboutwater.org\/film-prize-25\/submission-guidelines\/\">\n\t\t\t\t\t\t<span class=\"elementor-button-content-wrapper\">\n\t\t\t\t\t\t\t\t\t<span class=\"elementor-button-text\">SUBMISSION GUIDELINES<\/span>\n\t\t\t\t\t<\/span>\n\t\t\t\t\t<\/a>\n\t\t\t\t<\/div>\n\t\t\t\t\t\t\t\t<\/div>\n\t\t\t\t<\/div>\n\t\t\t\t\t<\/div>\n\t\t\t\t<\/div>\n\t\t<div class=\"elementor-element elementor-element-e7c7f12 e-flex e-con-boxed e-con e-parent\" data-id=\"e7c7f12\" data-element_type=\"container\">\n\t\t\t\t\t<div class=\"e-con-inner\">\n\t\t\t\t<div class=\"elementor-element elementor-element-087ab01 elementor-widget elementor-widget-text-editor\" data-id=\"087ab01\" data-element_type=\"widget\" data-widget_type=\"text-editor.default\">\n\t\t\t\t<div class=\"elementor-widget-container\">\n\t\t\t\t\t\t\t\t\t<p class=\"p1\">Download the prize poster <span style=\"color: #3366ff;\"><a style=\"color: #3366ff;\" href=\"https:\/\/letstalkaboutwater.org\/wp-content\/uploads\/2025\/07\/POSTER_BACK_TO_OUR_FUTURE_CREDITOFOTO_8JULHO2025.pdf.pdf\" target=\"_blank\" rel=\"noopener\"><b>here<\/b><\/a><\/span>.<\/p>\t\t\t\t\t\t\t\t<\/div>\n\t\t\t\t<\/div>\n\t\t\t\t\t<\/div>\n\t\t\t\t<\/div>\n\t\t\t\t<\/div>\n\t\t","protected":false},"excerpt":{"rendered":"<p>Summary menu Presentation Awards &#038; Prizes How to Participate Water Film Prize 2025: Back to Our Future Arid Lands and AHTs Short Film Competition Ancient Hydro-Technologies (AHTs) are time-tested water management solutions that did not just sustain civilizations for millennia, they created harmony between communities and their environments, preserved biodiversity, and fostered social bonds, particularly [&hellip;]<\/p>\n","protected":false},"author":4,"featured_media":0,"parent":0,"menu_order":0,"comment_status":"closed","ping_status":"closed","template":"","meta":{"_acf_changed":false,"inline_featured_image":false,"footnotes":""},"class_list":["post-18382","page","type-page","status-publish","hentry"],"acf":[],"_links":{"self":[{"href":"https:\/\/letstalkaboutwater.org\/staging\/wp-json\/wp\/v2\/pages\/18382","targetHints":{"allow":["GET"]}}],"collection":[{"href":"https:\/\/letstalkaboutwater.org\/staging\/wp-json\/wp\/v2\/pages"}],"about":[{"href":"https:\/\/letstalkaboutwater.org\/staging\/wp-json\/wp\/v2\/types\/page"}],"author":[{"embeddable":true,"href":"https:\/\/letstalkaboutwater.org\/staging\/wp-json\/wp\/v2\/users\/4"}],"replies":[{"embeddable":true,"href":"https:\/\/letstalkaboutwater.org\/staging\/wp-json\/wp\/v2\/comments?post=18382"}],"version-history":[{"count":114,"href":"https:\/\/letstalkaboutwater.org\/staging\/wp-json\/wp\/v2\/pages\/18382\/revisions"}],"predecessor-version":[{"id":21376,"href":"https:\/\/letstalkaboutwater.org\/staging\/wp-json\/wp\/v2\/pages\/18382\/revisions\/21376"}],"wp:attachment":[{"href":"https:\/\/letstalkaboutwater.org\/staging\/wp-json\/wp\/v2\/media?parent=18382"}],"curies":[{"name":"wp","href":"https:\/\/api.w.org\/{rel}","templated":true}]}}